{"id":2726,"date":"2016-03-02T06:35:45","date_gmt":"2016-03-02T06:35:45","guid":{"rendered":"http:\/\/www.mediaeducationcentre.eu\/eng\/?page_id=2726"},"modified":"2016-03-02T06:35:45","modified_gmt":"2016-03-02T06:35:45","slug":"neolithic-starcevo-culture","status":"publish","type":"page","link":"https:\/\/www.mediaeducationcentre.eu\/eng\/?page_id=2726","title":{"rendered":"Neolithic, Starcevo Culture"},"content":{"rendered":"<p>Danube Waves 2016, Stone Age<\/p>\n<p><a href=\"http:\/\/www.mediaeducationcentre.eu\/eng\/wp-content\/uploads\/2016\/02\/Danube_Vinca02.jpg\"  rel=\"lightbox[2726] attachment wp-att-2686\"><img loading=\"lazy\" decoding=\"async\" class=\"alignnone size-medium wp-image-2686\" src=\"http:\/\/www.mediaeducationcentre.eu\/eng\/wp-content\/uploads\/2016\/02\/Danube_Vinca02-620x299.jpg\" alt=\"Danube_Vinca02\" width=\"620\" height=\"299\" srcset=\"https:\/\/www.mediaeducationcentre.eu\/eng\/wp-content\/uploads\/2016\/02\/Danube_Vinca02-620x299.jpg 620w, https:\/\/www.mediaeducationcentre.eu\/eng\/wp-content\/uploads\/2016\/02\/Danube_Vinca02-300x145.jpg 300w, https:\/\/www.mediaeducationcentre.eu\/eng\/wp-content\/uploads\/2016\/02\/Danube_Vinca02-768x371.jpg 768w, https:\/\/www.mediaeducationcentre.eu\/eng\/wp-content\/uploads\/2016\/02\/Danube_Vinca02-940x454.jpg 940w, https:\/\/www.mediaeducationcentre.eu\/eng\/wp-content\/uploads\/2016\/02\/Danube_Vinca02.jpg 1327w\" sizes=\"auto, (max-width: 620px) 100vw, 620px\" \/><\/a><\/p>\n<p>The\u00a0<a href=\"http:\/\/en.wikipedia.org\/wiki\/Star%C4%8Devo_culture\">Star\u010devo culture<\/a>, sometimes included within a larger grouping known as the Star\u010devo\u2013K\u0151r\u00f6s\u2013Cri\u015f culture, is an archaeological culture of Southeastern Europe, dating to the Neolithic period between c. 5500 and 4500 BC, or according to other source, between 6200 and 5200 BC.<\/p>\n<div class=\"separator\"><a href=\"http:\/\/1.bp.blogspot.com\/-9AqZAifyknY\/VE7Sf1IxjNI\/AAAAAAAAB7w\/pueL7gYGY4o\/s1600\/red%2Bhaired%2Bgoddess%2Bstarcevo%2Bculture.jpg\" rel=\"lightbox[2726]\"><img loading=\"lazy\" decoding=\"async\" class=\"aligncenter\" src=\"http:\/\/1.bp.blogspot.com\/-9AqZAifyknY\/VE7Sf1IxjNI\/AAAAAAAAB7w\/pueL7gYGY4o\/s1600\/red%2Bhaired%2Bgoddess%2Bstarcevo%2Bculture.jpg\" alt=\"\" width=\"320\" height=\"320\" border=\"0\" \/><\/a><\/div>\n<p>The Star\u010devo culture covered sizable area that included most of present-day Serbia, Montenegro, Bosnia and Herzegovina, Croatia, Hungary, Poland and Czech republic, the Republic of Macedonia and Bulgaria.<\/p>\n<p>The construction of houses in the Star\u010devo culture can be described best using the settlement of Divostin in Serbia. [45] Here, two different types of houses could be excavated. One type consisted of a roundish-elliptic object dug into the soil (termed \u201chut\u201d) whose edge was surrounded by thin posts. Inside these dug-in features, hearths were found. The size of these \u201chuts\u201d amounts to 3-5 meters in length and 2-4 meters in width. The other type consists of real post houses with a rectangular ground plan. Sometimes, trenches along the walls can be found. The walls were made from wattle-and-daub. Sometimes, floors were conserved; they consisted of stamped clay. This is the reconstruction of the Early Neolithic K\u0151r\u00f6s culture house with its finds excavated on the site of Szajol-Fels\u00f4f\u00f6ld [46]:<\/p>\n<p><a href=\"http:\/\/4.bp.blogspot.com\/-uLxyV_KYWxA\/VE7PDLhm6pI\/AAAAAAAAB7k\/x9tNGxV26Yk\/s1600\/K%C3%B6r%C3%B6s%2Bculture%2Bhouse.jpg\" rel=\"lightbox[2726]\"><img loading=\"lazy\" decoding=\"async\" class=\"aligncenter\" src=\"http:\/\/4.bp.blogspot.com\/-uLxyV_KYWxA\/VE7PDLhm6pI\/AAAAAAAAB7k\/x9tNGxV26Yk\/s1600\/K%C3%B6r%C3%B6s%2Bculture%2Bhouse.jpg\" alt=\"\" width=\"400\" height=\"270\" border=\"0\" \/><\/a><\/p>\n","protected":false},"excerpt":{"rendered":"<p>Danube Waves 2016, Stone Age The\u00a0Star\u010devo culture, sometimes included within a larger grouping known as the Star\u010devo\u2013K\u0151r\u00f6s\u2013Cri\u015f culture, is an archaeological culture of Southeastern Europe, dating to the Neolithic period between c. 5500 and 4500 BC, or according to other source, between 6200 and 5200 BC. The Star\u010devo culture covered <a class=\"more-link\" href=\"https:\/\/www.mediaeducationcentre.eu\/eng\/?page_id=2726\">Continue Reading \u2192<\/a><\/p>\n","protected":false},"author":12139,"featured_media":2685,"parent":2534,"menu_order":2,"comment_status":"closed","ping_status":"closed","template":"","meta":{"_monsterinsights_skip_tracking":false,"_monsterinsights_sitenote_active":false,"_monsterinsights_sitenote_note":"","_monsterinsights_sitenote_category":0,"footnotes":""},"class_list":["post-2726","page","type-page","status-publish","has-post-thumbnail","hentry"],"_links":{"self":[{"href":"https:\/\/www.mediaeducationcentre.eu\/eng\/index.php?rest_route=\/wp\/v2\/pages\/2726","targetHints":{"allow":["GET"]}}],"collection":[{"href":"https:\/\/www.mediaeducationcentre.eu\/eng\/index.php?rest_route=\/wp\/v2\/pages"}],"about":[{"href":"https:\/\/www.mediaeducationcentre.eu\/eng\/index.php?rest_route=\/wp\/v2\/types\/page"}],"author":[{"embeddable":true,"href":"https:\/\/www.mediaeducationcentre.eu\/eng\/index.php?rest_route=\/wp\/v2\/users\/12139"}],"replies":[{"embeddable":true,"href":"https:\/\/www.mediaeducationcentre.eu\/eng\/index.php?rest_route=%2Fwp%2Fv2%2Fcomments&post=2726"}],"version-history":[{"count":1,"href":"https:\/\/www.mediaeducationcentre.eu\/eng\/index.php?rest_route=\/wp\/v2\/pages\/2726\/revisions"}],"predecessor-version":[{"id":2727,"href":"https:\/\/www.mediaeducationcentre.eu\/eng\/index.php?rest_route=\/wp\/v2\/pages\/2726\/revisions\/2727"}],"up":[{"embeddable":true,"href":"https:\/\/www.mediaeducationcentre.eu\/eng\/index.php?rest_route=\/wp\/v2\/pages\/2534"}],"wp:featuredmedia":[{"embeddable":true,"href":"https:\/\/www.mediaeducationcentre.eu\/eng\/index.php?rest_route=\/wp\/v2\/media\/2685"}],"wp:attachment":[{"href":"https:\/\/www.mediaeducationcentre.eu\/eng\/index.php?rest_route=%2Fwp%2Fv2%2Fmedia&parent=2726"}],"curies":[{"name":"wp","href":"https:\/\/api.w.org\/{rel}","templated":true}]}}