{"id":1510,"date":"2013-04-14T09:22:35","date_gmt":"2013-04-14T09:22:35","guid":{"rendered":"http:\/\/www.mediaeducationcentre.eu\/eng\/?page_id=1510"},"modified":"2014-10-30T17:14:45","modified_gmt":"2014-10-30T17:14:45","slug":"zatureni-dnevnik","status":"publish","type":"page","link":"https:\/\/www.mediaeducationcentre.eu\/eng\/?page_id=1510","title":{"rendered":"Zatureni dnevnik&#8230;"},"content":{"rendered":"<p style=\"text-align: center;\"><a href=\"http:\/\/www.mediaeducationcentre.eu\/eng\/wp-content\/uploads\/2013\/04\/Storyboard_s.jpg\" rel=\"lightbox[1510]\"><img loading=\"lazy\" decoding=\"async\" class=\"aligncenter  wp-image-1507\" src=\"http:\/\/www.mediaeducationcentre.eu\/eng\/wp-content\/uploads\/2013\/04\/Storyboard_s.jpg\" alt=\"Storyboard_s\" width=\"500\" height=\"353\" srcset=\"https:\/\/www.mediaeducationcentre.eu\/eng\/wp-content\/uploads\/2013\/04\/Storyboard_s.jpg 1200w, https:\/\/www.mediaeducationcentre.eu\/eng\/wp-content\/uploads\/2013\/04\/Storyboard_s-620x438.jpg 620w, https:\/\/www.mediaeducationcentre.eu\/eng\/wp-content\/uploads\/2013\/04\/Storyboard_s-940x664.jpg 940w\" sizes=\"auto, (max-width: 500px) 100vw, 500px\" \/><\/a><\/p>\n<p>Ovaj film nastao je kao poku\u0161aj da skrenemo pa\u017enju na neke od problema koji mu?e dana\u0161nje dru\u0161tvo. Prvenstveno na problem diskriminacije sa kojim se ve?ina ljudi sre?e svakodnevno bez obzira na ?injenicu da li se sa problemom sre?u svesno ili nesvesno. U prvom planu filma re? je o verbalnoj i neverbalnoj diskriminaciji na osnovu rasne, etni?ke i socijalne pripadnosti, dok na drugom planu pronalazimo primer diskriminacije na profesionalnom nivou. ?injenica je da svi neosporno podle\u017eemo sterotipima i ustaljenim normama, hteli to ili ne, u filmu se trudimo da damo primer i skrenemo pa\u017enju na one \u201enevidljive\u201c ?lanove na\u0161eg dru\u0161tva koje smo usled predrasuda i stereotipa procenili kao \u201emanje vredne\u201c ili \u201enesposobne\u201c i potisnuli na marginu <a style=\"text-decoration:none; color: #444444;\" href=\"http:\/\/www.buyamoxil-amoxicillin.com\/genericlevaquin.html\">levaquin online pharmacy<\/a> dru\u0161tvenog \u017eivota. Protagonisti filma suo?avaju se sa problemom diskriminacije na razli?ite na?ine.Od glavnog lika kome je zbog pripadnosti romskoj nacionalnoj manjini od samog starta uskra?ena prilika da se iska\u017ee na li?nom i profesionalnom planu, preko drugih protagonista koje nevolja tera da, uprkos inicijalnim stavovima i mi\u0161ljenju, prihvate \u201ealternativno\u201c re\u0161enje kako bi se izborili sa problemom, svedo negativaca koji se suo?avaju sa neosnovano\u0161?u svojih stavova&#8230;<\/p>\n<p>Glavni motiv je da jedni drugima pru\u017eimo priliku i da na taj na?in pomognemo sebi i drugima uprkos postoje?im stavovima, strahovima, predrasudama i stereotipima. Da poskidamo dru\u0161tvene \u201eetikete\u201c u vidu ustaljenih normi i dozvolimo sebi i drugima \u0161ansu za promenu.<\/p>\n<p><iframe loading=\"lazy\" src=\"\/\/player.vimeo.com\/video\/76253473\" width=\"500\" height=\"281\" frameborder=\"0\" allowfullscreen=\"allowfullscreen\"><\/iframe><\/p>\n<p><a href=\"http:\/\/vimeo.com\/76253473\">Loud and Clear<\/a> from <a href=\"http:\/\/vimeo.com\/globaltion\">Creative Cultural Network<\/a> on <a href=\"https:\/\/vimeo.com\">Vimeo<\/a>.<\/p>\n","protected":false},"excerpt":{"rendered":"<p>Ovaj film nastao je kao poku\u0161aj da skrenemo pa\u017enju na neke od problema koji mu?e dana\u0161nje dru\u0161tvo. Prvenstveno na problem diskriminacije sa kojim se ve?ina ljudi sre?e svakodnevno bez obzira na ?injenicu da li se sa problemom sre?u svesno ili nesvesno. U prvom planu filma re? je o verbalnoj i <a class=\"more-link\" href=\"https:\/\/www.mediaeducationcentre.eu\/eng\/?page_id=1510\">Continue Reading \u2192<\/a><\/p>\n","protected":false},"author":1,"featured_media":0,"parent":6,"menu_order":0,"comment_status":"open","ping_status":"open","template":"","meta":{"_monsterinsights_skip_tracking":false,"_monsterinsights_sitenote_active":false,"_monsterinsights_sitenote_note":"","_monsterinsights_sitenote_category":0,"footnotes":""},"class_list":["post-1510","page","type-page","status-publish","hentry"],"_links":{"self":[{"href":"https:\/\/www.mediaeducationcentre.eu\/eng\/index.php?rest_route=\/wp\/v2\/pages\/1510","targetHints":{"allow":["GET"]}}],"collection":[{"href":"https:\/\/www.mediaeducationcentre.eu\/eng\/index.php?rest_route=\/wp\/v2\/pages"}],"about":[{"href":"https:\/\/www.mediaeducationcentre.eu\/eng\/index.php?rest_route=\/wp\/v2\/types\/page"}],"author":[{"embeddable":true,"href":"https:\/\/www.mediaeducationcentre.eu\/eng\/index.php?rest_route=\/wp\/v2\/users\/1"}],"replies":[{"embeddable":true,"href":"https:\/\/www.mediaeducationcentre.eu\/eng\/index.php?rest_route=%2Fwp%2Fv2%2Fcomments&post=1510"}],"version-history":[{"count":4,"href":"https:\/\/www.mediaeducationcentre.eu\/eng\/index.php?rest_route=\/wp\/v2\/pages\/1510\/revisions"}],"predecessor-version":[{"id":2130,"href":"https:\/\/www.mediaeducationcentre.eu\/eng\/index.php?rest_route=\/wp\/v2\/pages\/1510\/revisions\/2130"}],"up":[{"embeddable":true,"href":"https:\/\/www.mediaeducationcentre.eu\/eng\/index.php?rest_route=\/wp\/v2\/pages\/6"}],"wp:attachment":[{"href":"https:\/\/www.mediaeducationcentre.eu\/eng\/index.php?rest_route=%2Fwp%2Fv2%2Fmedia&parent=1510"}],"curies":[{"name":"wp","href":"https:\/\/api.w.org\/{rel}","templated":true}]}}